{"id":169,"date":"2009-10-19T23:53:48","date_gmt":"2009-10-19T21:53:48","guid":{"rendered":"http:\/\/hebammenpraxis-am-steinlein.de\/?page_id=169"},"modified":"2023-03-07T21:18:29","modified_gmt":"2023-03-07T19:18:29","slug":"leistungen-und-kosten","status":"publish","type":"page","link":"https:\/\/hebammenpraxis-am-steinlein.de\/?page_id=169","title":{"rendered":"Leistungen und Kosten"},"content":{"rendered":"\n<p><!-- \t\t@page { margin: 2cm } \t\tP { margin-bottom: 0.21cm } --><\/p>\n<p align=\"left\"><strong>Hebammenleistungen werden in folgendem Rahmen von den Krankenkassen bezahlt :<\/strong><\/p>\n<ul>\n<li>\n<p align=\"left\">W\u00e4hrend der Schwangerschaft : Beratung, Vorgespr\u00e4ch zur Geburt, Hilfe bei Beschwerden, Vorsorgeuntersuchung, Laboruntersuchungen w\u00e4hrend der gesamten Schwangerschaft<\/p>\n<\/li>\n<\/ul>\n<ul>\n<li>Geburtsvorbereitungskurs in der Gruppe, max. 14 Stunden<\/li>\n<\/ul>\n<ul>\n<li>Geburtshilfe: Kosten der Hausgeburt, Beleg- Klinikgeburt<\/li>\n<\/ul>\n<ul>\n<li>Nach der Geburt : Wochenbettbesuche t\u00e4glich bis zum 10. Tag nach der Geburt, danach bei Bedarf insgesamt weitere 16 Kontakte ( Besuche oder Telefonate) bis 8 Wochen nach der Geburt.<\/li>\n<\/ul>\n<ul>\n<li>Stillberatung bis zum 9. Lebensmonat des S\u00e4uglings.<\/li>\n<\/ul>\n<ul>\n<li>R\u00fcckbildungsgymnastik in der Gruppe, max. 10 Stunden<\/li>\n<\/ul>\n<p>\u00a0<\/p>\n<p><strong>Folgende Leistungen werden regul\u00e4r nicht von den Kassen \u00fcbernommen, m\u00fcssen also privat bezahlt werden:<\/strong><\/p>\n<ul>\n<li>Schwangerenyoga, Schwangerenschwimmkurse und \u00e4hnliches, wenn sie nicht Bestandteil eines Geburtsvorbereitungskurses sind<\/li>\n<\/ul>\n<ul>\n<li>geburtsvorbereitende bzw. &#8211; erleichternde Akupunktur<\/li>\n<\/ul>\n<ul>\n<li>Bereitschaftspauschale f\u00fcr Beleg- oder Hausgeburt<\/li>\n<\/ul>\n<ul>\n<li>Kurse f\u00fcr werdende Eltern, Babymassage- schwimmen, PEKiP, Infoabende<\/li>\n<\/ul>\n<ul>\n<li>selbstverschuldete Fehlstunden bei Geburtsvorbereitungs-und R\u00fcckbildungsgymnastikkursen<\/li>\n<\/ul>\n<ul>\n<li>hom\u00f6opathische Behandlung von S\u00e4uglingen und Kindern<\/li>\n<\/ul>\n<p>\u00a0<\/p>\n","protected":false},"excerpt":{"rendered":"<p>Hebammenleistungen werden in folgendem Rahmen von den Krankenkassen bezahlt : W\u00e4hrend der Schwangerschaft : Beratung, Vorgespr\u00e4ch zur Geburt, Hilfe bei Beschwerden, Vorsorgeuntersuchung, [&hellip;]<\/p>\n","protected":false},"author":4,"featured_media":0,"parent":0,"menu_order":10,"comment_status":"closed","ping_status":"open","template":"","meta":{"footnotes":""},"class_list":["post-169","page","type-page","status-publish","hentry"],"_links":{"self":[{"href":"https:\/\/hebammenpraxis-am-steinlein.de\/index.php?rest_route=\/wp\/v2\/pages\/169","targetHints":{"allow":["GET"]}}],"collection":[{"href":"https:\/\/hebammenpraxis-am-steinlein.de\/index.php?rest_route=\/wp\/v2\/pages"}],"about":[{"href":"https:\/\/hebammenpraxis-am-steinlein.de\/index.php?rest_route=\/wp\/v2\/types\/page"}],"author":[{"embeddable":true,"href":"https:\/\/hebammenpraxis-am-steinlein.de\/index.php?rest_route=\/wp\/v2\/users\/4"}],"replies":[{"embeddable":true,"href":"https:\/\/hebammenpraxis-am-steinlein.de\/index.php?rest_route=%2Fwp%2Fv2%2Fcomments&post=169"}],"version-history":[{"count":16,"href":"https:\/\/hebammenpraxis-am-steinlein.de\/index.php?rest_route=\/wp\/v2\/pages\/169\/revisions"}],"predecessor-version":[{"id":2982,"href":"https:\/\/hebammenpraxis-am-steinlein.de\/index.php?rest_route=\/wp\/v2\/pages\/169\/revisions\/2982"}],"wp:attachment":[{"href":"https:\/\/hebammenpraxis-am-steinlein.de\/index.php?rest_route=%2Fwp%2Fv2%2Fmedia&parent=169"}],"curies":[{"name":"wp","href":"https:\/\/api.w.org\/{rel}","templated":true}]}}