{"id":2177,"date":"2021-10-19T12:24:27","date_gmt":"2021-10-19T10:24:27","guid":{"rendered":"https:\/\/hebammenpraxis-am-steinlein.de\/?page_id=2177"},"modified":"2025-07-22T10:04:33","modified_gmt":"2025-07-22T08:04:33","slug":"anmeldung-rg-3","status":"publish","type":"page","link":"https:\/\/hebammenpraxis-am-steinlein.de\/?page_id=2177","title":{"rendered":"R\u00fcckbildungsgymnastik"},"content":{"rendered":"\n\n\n<p><strong>Kursleitung: Nadine Konstantinidis<br \/>Hebamme<\/strong><\/p>\n<p>Bei der R\u00fcckbildung geht es in unserem Kurs darum, die Muskulatur aller K\u00f6rperpartien zu st\u00e4rken. Besonders aber richtet sich das Augenmerk auf die St\u00e4rkung Ihres Beckenbodens, da dieser in der Schwangerschaft und unter der Geburt stark beansprucht worden ist. In den 8 Kurseinheiten freut sich Ihr K\u00f6rper, dass Sie ihm mittels Bewusstseins-, Sp\u00fcr-, Dehn- und Kr\u00e4ftigungs\u00fcbungen etwas Gutes tun. Dieser Kurs richtet sich speziell nur an Sie als Mutter. Starten Sie den Kurs bitte idealerweise ab der 8. Woche nach einer nat\u00fcrlichen Geburt. Nach einem Kaiserschnitt verschiebt sich der Beginn auf 10-12 Wochen nach der Geburt Ihres Kindes. Bitte bringen Sie f\u00fcr den Kurs bequeme, sportliche Kleidung, dicke Socken und ein gro\u00dfes Handtuch mit.<br \/>Wir freuen uns auf Sie!<\/p>\n<p>Die\u00a0<strong>Kosten<\/strong>\u00a0f\u00fcr die R\u00fcckbildungsgymnastik werden von den Krankenkassen \u00fcbernommen. Wenn Sie privat versichert sind, fragen Sie bitte bei Ihrer Versicherung nach \u2013 manchmal ist die R\u00fcckbildungsgymnastik nicht in den Leistungen Ihrer Versicherung eingeschlossen.<\/p>\n<p>Egal, ob Sie privat oder gesetzlich versichert sind \u2013 Stunden, an denen Sie nicht teilnehmen, werden uns nicht gezahlt und wir stellen sie Ihnen deshalb am Ende privat in Rechnung, ebenso eine Organisationspauschale von 15,&#8211; Euro.<\/p>\n\n\n\n<div class=\"wpforms-container wpforms-container-full\" id=\"wpforms-1830\"><form id=\"wpforms-form-1830\" class=\"wpforms-validate wpforms-form\" data-formid=\"1830\" method=\"post\" enctype=\"multipart\/form-data\" action=\"\/index.php?rest_route=%2Fwp%2Fv2%2Fpages%2F2177\" data-token=\"b5f4e89bc17076f26d1f4ccd720c22c0\" data-token-time=\"1778522074\"><noscript class=\"wpforms-error-noscript\">Bitte aktiviere JavaScript in deinem Browser, um dieses Formular fertigzustellen.<\/noscript><div class=\"wpforms-field-container\"><div id=\"wpforms-1830-field_6-container\" class=\"wpforms-field wpforms-field-checkbox\" data-field-id=\"6\"><label class=\"wpforms-field-label\">Termine <span class=\"wpforms-required-label\">*<\/span><\/label><ul id=\"wpforms-1830-field_6\" class=\"wpforms-field-required\"><li class=\"choice-9 depth-1\"><input type=\"checkbox\" id=\"wpforms-1830-field_6_9\" name=\"wpforms[fields][6][]\" value=\"R\u00fcckbildungsgymnastik vom 23.01.26 bis 13.03.2926 6x freitags von 9.45-11.30 (13.02. entf\u00e4llt, 20.03. Nachhole-bzw Zusatzeinheit geplant) mit Hebamme Nadine Konstantinidis\" required ><label class=\"wpforms-field-label-inline\" for=\"wpforms-1830-field_6_9\">R\u00fcckbildungsgymnastik vom 23.01.26 bis 13.03.2926 6x freitags von 9.45-11.30 (13.02. entf\u00e4llt, 20.03. Nachhole-bzw Zusatzeinheit geplant) mit Hebamme Nadine Konstantinidis<\/label><\/li><li class=\"choice-10 depth-1\"><input type=\"checkbox\" id=\"wpforms-1830-field_6_10\" name=\"wpforms[fields][6][]\" value=\"R\u00fcckbildungsgymnasik vom 10.04.26-29.05.26 7x freitags von 9.45 Uhr- 11.30 Uhr (01.05.entf\u00e4llt) mit Hebamme Nadine Konstantinidis\" required ><label class=\"wpforms-field-label-inline\" for=\"wpforms-1830-field_6_10\">R\u00fcckbildungsgymnasik vom 10.04.26-29.05.26 7x freitags von 9.45 Uhr- 11.30 Uhr (01.05.entf\u00e4llt) mit Hebamme Nadine Konstantinidis<\/label><\/li><\/ul><\/div><div id=\"wpforms-1830-field_0-container\" class=\"wpforms-field wpforms-field-name\" data-field-id=\"0\"><label class=\"wpforms-field-label\">Name <span class=\"wpforms-required-label\">*<\/span><\/label><div class=\"wpforms-field-row wpforms-field-medium\"><div class=\"wpforms-field-row-block wpforms-first wpforms-one-half\"><input type=\"text\" id=\"wpforms-1830-field_0\" class=\"wpforms-field-name-first wpforms-field-required\" name=\"wpforms[fields][0][first]\" required><label for=\"wpforms-1830-field_0\" class=\"wpforms-field-sublabel after\">Vorname<\/label><\/div><div class=\"wpforms-field-row-block wpforms-one-half\"><input type=\"text\" id=\"wpforms-1830-field_0-last\" class=\"wpforms-field-name-last wpforms-field-required\" name=\"wpforms[fields][0][last]\" required><label for=\"wpforms-1830-field_0-last\" class=\"wpforms-field-sublabel after\">Nachname<\/label><\/div><\/div><\/div><div id=\"wpforms-1830-field_1-container\" class=\"wpforms-field wpforms-field-email\" data-field-id=\"1\"><label class=\"wpforms-field-label\" for=\"wpforms-1830-field_1\">E-Mail <span class=\"wpforms-required-label\">*<\/span><\/label><input type=\"email\" id=\"wpforms-1830-field_1\" class=\"wpforms-field-medium wpforms-field-required\" name=\"wpforms[fields][1]\" spellcheck=\"false\" required><\/div><div id=\"wpforms-1830-field_4-container\" class=\"wpforms-field wpforms-field-text\" data-field-id=\"4\"><label class=\"wpforms-field-label\" for=\"wpforms-1830-field_4\">Telefon <span class=\"wpforms-required-label\">*<\/span><\/label><input type=\"text\" id=\"wpforms-1830-field_4\" class=\"wpforms-field-medium wpforms-field-required\" name=\"wpforms[fields][4]\" required><\/div><div id=\"wpforms-1830-field_5-container\" class=\"wpforms-field wpforms-field-text\" data-field-id=\"5\"><label class=\"wpforms-field-label\" for=\"wpforms-1830-field_5\">Geburtsdatum des Kindes<\/label><input type=\"text\" id=\"wpforms-1830-field_5\" class=\"wpforms-field-medium\" name=\"wpforms[fields][5]\" ><\/div><div id=\"wpforms-1830-field_2-container\" class=\"wpforms-field wpforms-field-textarea\" data-field-id=\"2\"><label class=\"wpforms-field-label\" for=\"wpforms-1830-field_2\">Nachricht <span class=\"wpforms-required-label\">*<\/span><\/label><textarea id=\"wpforms-1830-field_2\" class=\"wpforms-field-medium wpforms-field-required\" name=\"wpforms[fields][2]\" required><\/textarea><\/div><div id=\"wpforms-1830-field_3-container\" class=\"wpforms-field wpforms-field-gdpr-checkbox\" data-field-id=\"3\"><label class=\"wpforms-field-label\">DSGVO-Einverst\u00e4ndnis <span class=\"wpforms-required-label\">*<\/span><\/label><ul id=\"wpforms-1830-field_3\" class=\"wpforms-field-required\"><li class=\"choice-1\"><input type=\"checkbox\" id=\"wpforms-1830-field_3_1\" name=\"wpforms[fields][3][]\" value=\"Ich willige ein, dass diese Website meine \u00fcbermittelten Informationen speichert, sodass meine Anfrage beantwortet werden kann.\" required ><label class=\"wpforms-field-label-inline\" for=\"wpforms-1830-field_3_1\">Ich willige ein, dass diese Website meine \u00fcbermittelten Informationen speichert, sodass meine Anfrage beantwortet werden kann.<\/label><\/li><\/ul><\/div><\/div><!-- .wpforms-field-container --><div class=\"wpforms-submit-container\" ><input type=\"hidden\" name=\"wpforms[id]\" value=\"1830\"><input type=\"hidden\" name=\"page_title\" value=\"\"><input type=\"hidden\" name=\"page_url\" value=\"https:\/\/hebammenpraxis-am-steinlein.de\/index.php?rest_route=\/wp\/v2\/pages\/2177\"><input type=\"hidden\" name=\"url_referer\" value=\"\"><button type=\"submit\" name=\"wpforms[submit]\" id=\"wpforms-submit-1830\" class=\"wpforms-submit\" data-alt-text=\"Senden...\" data-submit-text=\"Absenden\" aria-live=\"assertive\" value=\"wpforms-submit\">Absenden<\/button><\/div><\/form><\/div>  <!-- .wpforms-container -->\n","protected":false},"excerpt":{"rendered":"<p>Kursleitung: Nadine KonstantinidisHebamme Bei der R\u00fcckbildung geht es in unserem Kurs darum, die Muskulatur aller K\u00f6rperpartien zu st\u00e4rken. Besonders aber richtet sich [&hellip;]<\/p>\n","protected":false},"author":3,"featured_media":0,"parent":0,"menu_order":0,"comment_status":"closed","ping_status":"closed","template":"","meta":{"footnotes":""},"class_list":["post-2177","page","type-page","status-publish","hentry"],"_links":{"self":[{"href":"https:\/\/hebammenpraxis-am-steinlein.de\/index.php?rest_route=\/wp\/v2\/pages\/2177","targetHints":{"allow":["GET"]}}],"collection":[{"href":"https:\/\/hebammenpraxis-am-steinlein.de\/index.php?rest_route=\/wp\/v2\/pages"}],"about":[{"href":"https:\/\/hebammenpraxis-am-steinlein.de\/index.php?rest_route=\/wp\/v2\/types\/page"}],"author":[{"embeddable":true,"href":"https:\/\/hebammenpraxis-am-steinlein.de\/index.php?rest_route=\/wp\/v2\/users\/3"}],"replies":[{"embeddable":true,"href":"https:\/\/hebammenpraxis-am-steinlein.de\/index.php?rest_route=%2Fwp%2Fv2%2Fcomments&post=2177"}],"version-history":[{"count":6,"href":"https:\/\/hebammenpraxis-am-steinlein.de\/index.php?rest_route=\/wp\/v2\/pages\/2177\/revisions"}],"predecessor-version":[{"id":2860,"href":"https:\/\/hebammenpraxis-am-steinlein.de\/index.php?rest_route=\/wp\/v2\/pages\/2177\/revisions\/2860"}],"wp:attachment":[{"href":"https:\/\/hebammenpraxis-am-steinlein.de\/index.php?rest_route=%2Fwp%2Fv2%2Fmedia&parent=2177"}],"curies":[{"name":"wp","href":"https:\/\/api.w.org\/{rel}","templated":true}]}}