{"id":2912,"date":"2023-03-07T16:15:16","date_gmt":"2023-03-07T14:15:16","guid":{"rendered":"https:\/\/hebammenpraxis-am-steinlein.de\/?page_id=2912"},"modified":"2025-07-22T10:39:36","modified_gmt":"2025-07-22T08:39:36","slug":"wochenbettbetreuung-zu-hause","status":"publish","type":"page","link":"https:\/\/hebammenpraxis-am-steinlein.de\/?page_id=2912","title":{"rendered":"<strong>Wochenbettbetreuung und Begleitung in der Schwangerschaft<\/strong>"},"content":{"rendered":"\n<figure class=\"wp-block-image size-full is-resized\"><a href=\"https:\/\/hebammenpraxis-am-steinlein.de\/wp-content\/vorsorge-neu-1.jpg\"><img fetchpriority=\"high\" decoding=\"async\" width=\"474\" height=\"316\" src=\"https:\/\/hebammenpraxis-am-steinlein.de\/wp-content\/vorsorge-neu-1.jpg\" alt=\"\" class=\"wp-image-3832\" style=\"aspect-ratio:1.508230452674897;width:663px;height:auto\" srcset=\"https:\/\/hebammenpraxis-am-steinlein.de\/wp-content\/vorsorge-neu-1.jpg 474w, https:\/\/hebammenpraxis-am-steinlein.de\/wp-content\/vorsorge-neu-1-300x200.jpg 300w, https:\/\/hebammenpraxis-am-steinlein.de\/wp-content\/vorsorge-neu-1-230x153.jpg 230w, https:\/\/hebammenpraxis-am-steinlein.de\/wp-content\/vorsorge-neu-1-350x233.jpg 350w\" sizes=\"(max-width: 474px) 100vw, 474px\" \/><\/a><\/figure>\n\n\n\n<p>Direkt nach der Geburt Eures Kindes beginnt das Wochenbett \u2013 eine kostbare und wichtige Zeit voller neuer Eindr\u00fccke und Erfahrungen. Eine sehr emotionale, k\u00f6rperlich anstrengende Zeit, in der sich die Familie erst mal zusammenfinden muss. Das Wochenbett bietet auch die Chance Dich wieder zu erholen von der k\u00f6rperlichen Anstrengung, die R\u00fcckbildungsvorg\u00e4nge im K\u00f6rper in Ruhe zu erleben, den Kontakt zum Kind, das Schmusen und Stillen intensiv zu genie\u00dfen.<\/p>\n\n\n\n<p><br>Ihr entscheidet, wie das Wochenbett gestaltet werden soll: Entweder bleibt ihr ein paar Tage auf der Wochenbettstation der Klinik und fahrt dann mit dem Baby nach Hause \u2013 oder Ihr kehrt bereits wenige Stunden nach der Geburt mit dem Kind zur\u00fcck.<\/p>\n\n\n\n<p><br>Bei geplanter ambulanter Geburt erheben wir eine Bereitschaftspauschale von 50,\u2013 Euro, daf\u00fcr sind wir in den ersten drei Tagen f\u00fcr Euch rund um die Uhr erreichbar und f\u00fchren beim Kind die notwendigen Untersuchungen durch.<\/p>\n\n\n\n<p>Wir drei betreuen Euch gerne nach der Geburt im Wochenbett \u2013 egal ob ambulant, nach station\u00e4rem Aufenthalt oder bei Adoption eines Kindes.<\/p>\n\n\n\n<p>Unten k\u00f6nnt Ihr Euch direkt bei der jeweiligen Hebamme zur Wochenbettbetreuung anmelden. Bitte beachtet, dass wir unterschiedliche Bereiche betreuen. <\/p>\n\n\n\n<p class=\"has-vivid-red-color has-text-color has-link-color wp-elements-ee1fc6c32cf7d034d6dfdcb9aa2737bd\"><strong>Wichtig: Bitte nur bei einer Hebamme anmelden, wir leiten ggf. untereinander weiter.<\/strong><\/p>\n\n\n\n<p><strong>Heike Kralik<\/strong><br>Karlstadt mit Gemeinden, Himmelstadt, Arnstein, Th\u00fcngen, Eu\u00dfenheim mit Gemeinden, Retzbach\/ Zellingen, Erlabrunn, Th\u00fcngersheim, Retzstadt<br><a href=\"https:\/\/hebammenpraxis-am-steinlein.de\/?page_id=3007\" target=\"_blank\" rel=\"noreferrer noopener\"><strong>Anmeldung<\/strong><\/a><br><\/p>\n\n\n\n<p><strong>Nadine Konstantinidis<\/strong><br>Karlstadt, Gambach, Karlburg, Himmelstadt, Wiesenfeld, Steinfeld, Rohrbach, Stadelhofen, Zellingen, Harrbach, Massenbuch, Hofstetten<br><a href=\"https:\/\/hebammenpraxis-am-steinlein.de\/?page_id=3013\"><strong>Anmeldung<\/strong><\/a><\/p>\n\n\n\n<p><strong>Elke Lamberts<\/strong><br>Raum Karlstadt und Gro\u00dfraum Gem\u00fcnden, Karsbach, G\u00f6ssenheim, He\u00dfdorf<br><a href=\"https:\/\/hebammenpraxis-am-steinlein.de\/?page_id=3492\"><strong>Anmeldung<\/strong><\/a><\/p>\n\n\n\n<p><strong>Pamela Waschinger<\/strong><br>Karlstadt, Himmelstadt, Zellingen\/ Retzbach, Leinach, Th\u00fcngersheim, G\u00fcnthersleben. Estenfeld, Veitsh\u00f6chheim, Rimpar, Margetsh\u00f6chheim, Zell, Erlabrunn<br><a href=\"https:\/\/hebammenpraxis-am-steinlein.de\/?page_id=3016\"><strong>Anmeldung<\/strong><\/a><\/p>\n\n\n\n<figure class=\"wp-block-image size-full is-resized\"><a href=\"https:\/\/hebammenpraxis-am-steinlein.de\/wp-content\/wobe-2-neu-1.jpg\"><img decoding=\"async\" width=\"474\" height=\"314\" src=\"https:\/\/hebammenpraxis-am-steinlein.de\/wp-content\/wobe-2-neu-1.jpg\" alt=\"\" class=\"wp-image-3818\" style=\"aspect-ratio:1.5082352941176471;width:661px;height:auto\" srcset=\"https:\/\/hebammenpraxis-am-steinlein.de\/wp-content\/wobe-2-neu-1.jpg 474w, https:\/\/hebammenpraxis-am-steinlein.de\/wp-content\/wobe-2-neu-1-300x199.jpg 300w, https:\/\/hebammenpraxis-am-steinlein.de\/wp-content\/wobe-2-neu-1-230x152.jpg 230w, https:\/\/hebammenpraxis-am-steinlein.de\/wp-content\/wobe-2-neu-1-350x232.jpg 350w\" sizes=\"(max-width: 474px) 100vw, 474px\" \/><\/a><\/figure>\n\n\n","protected":false},"excerpt":{"rendered":"<p>Direkt nach der Geburt Eures Kindes beginnt das Wochenbett \u2013 eine kostbare und wichtige Zeit voller neuer Eindr\u00fccke und Erfahrungen. Eine sehr [&hellip;]<\/p>\n","protected":false},"author":3,"featured_media":0,"parent":0,"menu_order":0,"comment_status":"closed","ping_status":"closed","template":"","meta":{"footnotes":""},"class_list":["post-2912","page","type-page","status-publish","hentry"],"_links":{"self":[{"href":"https:\/\/hebammenpraxis-am-steinlein.de\/index.php?rest_route=\/wp\/v2\/pages\/2912","targetHints":{"allow":["GET"]}}],"collection":[{"href":"https:\/\/hebammenpraxis-am-steinlein.de\/index.php?rest_route=\/wp\/v2\/pages"}],"about":[{"href":"https:\/\/hebammenpraxis-am-steinlein.de\/index.php?rest_route=\/wp\/v2\/types\/page"}],"author":[{"embeddable":true,"href":"https:\/\/hebammenpraxis-am-steinlein.de\/index.php?rest_route=\/wp\/v2\/users\/3"}],"replies":[{"embeddable":true,"href":"https:\/\/hebammenpraxis-am-steinlein.de\/index.php?rest_route=%2Fwp%2Fv2%2Fcomments&post=2912"}],"version-history":[{"count":30,"href":"https:\/\/hebammenpraxis-am-steinlein.de\/index.php?rest_route=\/wp\/v2\/pages\/2912\/revisions"}],"predecessor-version":[{"id":4017,"href":"https:\/\/hebammenpraxis-am-steinlein.de\/index.php?rest_route=\/wp\/v2\/pages\/2912\/revisions\/4017"}],"wp:attachment":[{"href":"https:\/\/hebammenpraxis-am-steinlein.de\/index.php?rest_route=%2Fwp%2Fv2%2Fmedia&parent=2912"}],"curies":[{"name":"wp","href":"https:\/\/api.w.org\/{rel}","templated":true}]}}