{"id":3849,"date":"2025-01-18T14:15:27","date_gmt":"2025-01-18T12:15:27","guid":{"rendered":"https:\/\/hebammenpraxis-am-steinlein.de\/?page_id=3849"},"modified":"2025-02-07T12:48:48","modified_gmt":"2025-02-07T10:48:48","slug":"kleidertauschparty-2","status":"publish","type":"page","link":"https:\/\/hebammenpraxis-am-steinlein.de\/?page_id=3849","title":{"rendered":"Kleidertauschparty am Steinlein"},"content":{"rendered":"\n\n\n<figure class=\"wp-block-image size-large\"><a href=\"https:\/\/hebammenpraxis-am-steinlein.de\/wp-content\/kleidertauschp5nu.jpg\"><img fetchpriority=\"high\" decoding=\"async\" width=\"819\" height=\"1024\" src=\"https:\/\/hebammenpraxis-am-steinlein.de\/wp-content\/kleidertauschp5nu-819x1024.jpg\" alt=\"\" class=\"wp-image-3930\" srcset=\"https:\/\/hebammenpraxis-am-steinlein.de\/wp-content\/kleidertauschp5nu-819x1024.jpg 819w, https:\/\/hebammenpraxis-am-steinlein.de\/wp-content\/kleidertauschp5nu-240x300.jpg 240w, https:\/\/hebammenpraxis-am-steinlein.de\/wp-content\/kleidertauschp5nu-768x960.jpg 768w, https:\/\/hebammenpraxis-am-steinlein.de\/wp-content\/kleidertauschp5nu-1000x1250.jpg 1000w, https:\/\/hebammenpraxis-am-steinlein.de\/wp-content\/kleidertauschp5nu-230x288.jpg 230w, https:\/\/hebammenpraxis-am-steinlein.de\/wp-content\/kleidertauschp5nu-350x438.jpg 350w, https:\/\/hebammenpraxis-am-steinlein.de\/wp-content\/kleidertauschp5nu-480x600.jpg 480w, https:\/\/hebammenpraxis-am-steinlein.de\/wp-content\/kleidertauschp5nu.jpg 1080w\" sizes=\"(max-width: 819px) 100vw, 819px\" \/><\/a><\/figure>\n\n\n\n<h5><span style=\"color: #808080;\"><strong>Kurz zusammengefasst<\/strong><\/span><\/h5>\n<p>Kleidertauschpartys sind eine umweltfreundliche M\u00f6glichkeit, deine Garderobe zu erneuern und ungenutzte Schrankh\u00fcter weiterzugeben.<br>Bei einer Kleidertauschparty bringen die Teilnehmer Kleidungsst\u00fccke zum Tausch mit und suchen dann gemeinsam nach passenden und neuen St\u00fccken.<br>Eine Kleidertauschparty kann in jedem Wohnzimmer\/ Hobbyraum oder Garten stattfinden.<br>Beim Tausch von Kleidungsst\u00fccken k\u00f6nnen verschiedene Stile und Looks ausprobiert werden und neue M\u00f6glichkeiten zur Verf\u00fcgung stehen, um Outfits zu kreieren.<br>Es ist auch eine Gelegenheit, kreativ zu sein und ein neues Outfit f\u00fcr eine Party oder ein Date zu kreieren.<br>Kleidertauschpartys haben das Ziel, die Lebensdauer von Kleidungsst\u00fccken auf spa\u00dfige Art zu verl\u00e4ngern. Au\u00dferdem geben sie dir die M\u00f6glichkeit, nachhaltig und kostenlos neue Kleidung f\u00fcr deine Garderobe zu finden.<\/p>\n<p>&nbsp;<\/p>\n<h5><span style=\"color: #808080;\"><strong>Unser Angebot f\u00fcr Kleidertauschpartys<\/strong><\/span><\/h5>\n<h3><strong><span style=\"color: #808080;\">Wir stellen:<\/span><\/strong><\/h3>\n<p>Sitzgelegenheiten<br>Kleiderstangen und Tische<br>Kleiderb\u00fcgel<br>Spiegel<br>Umkleidem\u00f6glichkeiten: weiterer Raum oder Paravent <br>Das Wort Party ist nicht ohne Grund im Wort enthalten! Wir haben die Box, bringt eure Playist mit!<br>K\u00fcchenzeile: Gl\u00e4ser, Geschirr, Besteck, K\u00fchlschrank, Sp\u00fclmaschine, Kaffeemaschine&#8230;<br>wir zeigen euch alles, wenn gew\u00fcnscht geben wir eine Einf\u00fchrung, dann wird munter getauscht<br>Abschlie\u00dfend nehmt ihr \u00fcbrige Kleider wieder mit nach Hause oder verpackt sie geordnet in Kleiders\u00e4cke und wir \u00fcbernehmen die weitere Verwertung (Rotkreuzladen, Heime o.\u00e4.) von maximal zwei S\u00e4cken voller Kleidung!<\/p>\n<p><strong>Ihr<\/strong> r\u00e4umt noch das Geschirr in die Sp\u00fclmaschine \u2013 das war&#8217;s, den Rest erledigen wir.<\/p>\n<p>&nbsp;<\/p>\n<h3><span style=\"color: #808080;\"><strong>Euer Beitrag<\/strong><\/span><\/h3>\n<p>f\u00fcr bis zu 8 (max. 10) Personen und bis zu 4 Stunden im kleinen Seminarraum<br>80 \u20ac \/ erm\u00e4\u00dfigt 50 \u20ac + freiwilliger Beitrag<\/p>\n<p>f\u00fcr bis zu 20 Personen und bis zu 4 Stunden im gro\u00dfen Seminarraum<br>120 \u20ac\/ erm\u00e4\u00dfigt 70 \u20ac + freiwilliger Beitrag<\/p>\n<p>Tauschwillige, die obige Betr\u00e4ge nicht aufbringen k\u00f6nnen, d\u00fcrfen sich melden.<\/p>\n<p>&nbsp;<\/p>\n<h3><strong><span style=\"color: #808080;\">M\u00f6gliche Termine<\/span><\/strong><\/h3>\n<p>Freitags ab 15 Uhr bis max. 23 Uhr<\/p>\n<p>Samstags ab 10 Uhr bis max. 23 Uhr<\/p>\n<p>Sonntags ab 10 Uhr bis max. 21 Uhr<\/p>\n<p>Termine unter der Woche k\u00f6nnen angefragt werden<\/p>\n<p>Ca. 1x monatlich: freier <strong>Motto &#8211; Tauschabend<\/strong><\/p>\n<p>Du meldest dich verbindlich an und triffst dich mit anderen Tauschwilligen.<\/p>\n<p>Maximale Teilnehmer*innenzahl 8 Personen<\/p>\n<p>&nbsp;<\/p>\n<h5><span style=\"color: #993366;\"><strong>Interressiert?&nbsp; Bitte ausf\u00fcllen:<\/strong><\/span><\/h5>\n\n\n\n<hr class=\"wp-block-separator has-alpha-channel-opacity\"\/>\n\n\n\n<h5>&nbsp;<\/h5>\n<div class=\"wpforms-container wpforms-container-full\" id=\"wpforms-3854\"><form id=\"wpforms-form-3854\" class=\"wpforms-validate wpforms-form\" data-formid=\"3854\" method=\"post\" enctype=\"multipart\/form-data\" action=\"\/index.php?rest_route=%2Fwp%2Fv2%2Fpages%2F3849\" data-token=\"8fa7ab7f34449d270032d27156e42a69\" data-token-time=\"1777366258\"><noscript class=\"wpforms-error-noscript\">Bitte aktiviere JavaScript in deinem Browser, um dieses Formular fertigzustellen.<\/noscript><div class=\"wpforms-field-container\"><div id=\"wpforms-3854-field_6-container\" class=\"wpforms-field wpforms-field-text\" data-field-id=\"6\"><label class=\"wpforms-field-label\" for=\"wpforms-3854-field_6\">Dein Wunschtermin (Datum und Uhrzeit) <span class=\"wpforms-required-label\">*<\/span><\/label><input type=\"text\" id=\"wpforms-3854-field_6\" class=\"wpforms-field-medium wpforms-field-required\" name=\"wpforms[fields][6]\" required><\/div><div id=\"wpforms-3854-field_14-container\" class=\"wpforms-field wpforms-field-text\" data-field-id=\"14\"><label class=\"wpforms-field-label\" for=\"wpforms-3854-field_14\">Wieviele Personen nehmen teil? <span class=\"wpforms-required-label\">*<\/span><\/label><input type=\"text\" id=\"wpforms-3854-field_14\" class=\"wpforms-field-medium wpforms-field-required\" name=\"wpforms[fields][14]\" required><\/div><div id=\"wpforms-3854-field_0-container\" class=\"wpforms-field wpforms-field-name\" data-field-id=\"0\"><label class=\"wpforms-field-label\">Dein Name <span class=\"wpforms-required-label\">*<\/span><\/label><div class=\"wpforms-field-row wpforms-field-medium\"><div class=\"wpforms-field-row-block wpforms-first wpforms-one-half\"><input type=\"text\" id=\"wpforms-3854-field_0\" class=\"wpforms-field-name-first wpforms-field-required\" name=\"wpforms[fields][0][first]\" required><label for=\"wpforms-3854-field_0\" class=\"wpforms-field-sublabel after\">Vorname<\/label><\/div><div class=\"wpforms-field-row-block wpforms-one-half\"><input type=\"text\" id=\"wpforms-3854-field_0-last\" class=\"wpforms-field-name-last wpforms-field-required\" name=\"wpforms[fields][0][last]\" required><label for=\"wpforms-3854-field_0-last\" class=\"wpforms-field-sublabel after\">Nachname<\/label><\/div><\/div><\/div><div id=\"wpforms-3854-field_1-container\" class=\"wpforms-field wpforms-field-email\" data-field-id=\"1\"><label class=\"wpforms-field-label\" for=\"wpforms-3854-field_1\">E-Mail <span class=\"wpforms-required-label\">*<\/span><\/label><input type=\"email\" id=\"wpforms-3854-field_1\" class=\"wpforms-field-medium wpforms-field-required\" name=\"wpforms[fields][1]\" spellcheck=\"false\" required><\/div><div id=\"wpforms-3854-field_5-container\" class=\"wpforms-field wpforms-field-text\" data-field-id=\"5\"><label class=\"wpforms-field-label\" for=\"wpforms-3854-field_5\">Telefon <span class=\"wpforms-required-label\">*<\/span><\/label><input type=\"text\" id=\"wpforms-3854-field_5\" class=\"wpforms-field-medium wpforms-field-required\" name=\"wpforms[fields][5]\" required><\/div><div id=\"wpforms-3854-field_2-container\" class=\"wpforms-field wpforms-field-textarea\" data-field-id=\"2\"><label class=\"wpforms-field-label\" for=\"wpforms-3854-field_2\">Nachricht<\/label><textarea id=\"wpforms-3854-field_2\" class=\"wpforms-field-medium\" name=\"wpforms[fields][2]\" ><\/textarea><\/div><div id=\"wpforms-3854-field_8-container\" class=\"wpforms-field wpforms-field-gdpr-checkbox\" data-field-id=\"8\"><label class=\"wpforms-field-label\">DSGVO-Einverst\u00e4ndnis <span class=\"wpforms-required-label\">*<\/span><\/label><ul id=\"wpforms-3854-field_8\" class=\"wpforms-field-required\"><li class=\"choice-1\"><input type=\"checkbox\" id=\"wpforms-3854-field_8_1\" name=\"wpforms[fields][8][]\" value=\"Ich willige ein, dass diese Website meine \u00fcbermittelten Informationen speichert, sodass meine Anfrage beantwortet werden kann.\" required ><label class=\"wpforms-field-label-inline\" for=\"wpforms-3854-field_8_1\">Ich willige ein, dass diese Website meine \u00fcbermittelten Informationen speichert, sodass meine Anfrage beantwortet werden kann.<\/label><\/li><\/ul><\/div><\/div><!-- .wpforms-field-container --><div class=\"wpforms-submit-container\" ><input type=\"hidden\" name=\"wpforms[id]\" value=\"3854\"><input type=\"hidden\" name=\"page_title\" value=\"\"><input type=\"hidden\" name=\"page_url\" value=\"https:\/\/hebammenpraxis-am-steinlein.de\/index.php?rest_route=\/wp\/v2\/pages\/3849\"><input type=\"hidden\" name=\"url_referer\" value=\"\"><button type=\"submit\" name=\"wpforms[submit]\" id=\"wpforms-submit-3854\" class=\"wpforms-submit\" data-alt-text=\"Senden...\" data-submit-text=\"Absenden\" aria-live=\"assertive\" value=\"wpforms-submit\">Absenden<\/button><\/div><\/form><\/div>  <!-- .wpforms-container -->\n\n\n","protected":false},"excerpt":{"rendered":"<p>Kurz zusammengefasst Kleidertauschpartys sind eine umweltfreundliche M\u00f6glichkeit, deine Garderobe zu erneuern und ungenutzte Schrankh\u00fcter weiterzugeben.Bei einer Kleidertauschparty bringen die Teilnehmer Kleidungsst\u00fccke zum [&hellip;]<\/p>\n","protected":false},"author":3,"featured_media":0,"parent":0,"menu_order":0,"comment_status":"closed","ping_status":"closed","template":"","meta":{"footnotes":""},"class_list":["post-3849","page","type-page","status-publish","hentry"],"_links":{"self":[{"href":"https:\/\/hebammenpraxis-am-steinlein.de\/index.php?rest_route=\/wp\/v2\/pages\/3849","targetHints":{"allow":["GET"]}}],"collection":[{"href":"https:\/\/hebammenpraxis-am-steinlein.de\/index.php?rest_route=\/wp\/v2\/pages"}],"about":[{"href":"https:\/\/hebammenpraxis-am-steinlein.de\/index.php?rest_route=\/wp\/v2\/types\/page"}],"author":[{"embeddable":true,"href":"https:\/\/hebammenpraxis-am-steinlein.de\/index.php?rest_route=\/wp\/v2\/users\/3"}],"replies":[{"embeddable":true,"href":"https:\/\/hebammenpraxis-am-steinlein.de\/index.php?rest_route=%2Fwp%2Fv2%2Fcomments&post=3849"}],"version-history":[{"count":18,"href":"https:\/\/hebammenpraxis-am-steinlein.de\/index.php?rest_route=\/wp\/v2\/pages\/3849\/revisions"}],"predecessor-version":[{"id":3931,"href":"https:\/\/hebammenpraxis-am-steinlein.de\/index.php?rest_route=\/wp\/v2\/pages\/3849\/revisions\/3931"}],"wp:attachment":[{"href":"https:\/\/hebammenpraxis-am-steinlein.de\/index.php?rest_route=%2Fwp%2Fv2%2Fmedia&parent=3849"}],"curies":[{"name":"wp","href":"https:\/\/api.w.org\/{rel}","templated":true}]}}